s -456211 (base 7) in base 14?
-21941
What is 23f19 (base 16) in base 5?
14202400
7c501 (base 13) to base 14
5cac1
What is -374877a (base 11) in base 2?
-11000110101111000111010
What is 275561 (base 9) in base 16?
290c2
Convert -1100001110101001101010 (base 2) to base 15.
-434cad
Convert -b775 (base 16) to base 5.
-3000330
What is -1736372 (base 14) in base 2?
-101011100101101110010000
What is -14da54 (base 14) in base 6?
-23343522
What is -beab21 (base 16) in base 2?
-101111101010101100100001
Convert 1210001210122 (base 3) to base 9.
1701718
1669633 (base 10) to base 15
22ea8d
What is -183206 (base 9) in base 11?
-78629
-1203120111 (base 4) to base 8
-1433025
-765bb6 (base 12) to base 15
-27106c
Convert -232102233311 (base 4) to base 2.
-101110010010101111110101
-101001010111100101 (base 2) to base 7
-1304003
What is 1121262 (base 7) in base 16?
221df
Convert -611678 (base 10) to base 5.
-124033203
100101011101011101011 (base 2) to base 11
769269
Convert -54cd2c (base 14) to base 16.
-2beb5c
-1508158 (base 10) to base 11
-940113
What is -242354 (base 7) in base 9?
-66428
What is 3313421 (base 5) in base 3?
2220200111
Convert -1a150 (base 14) to base 2.
-10000001001001010
Convert 220020202220 (base 3) to base 8.
1644222
Convert -413241 (base 8) to base 7.
-1110011
What is -3685803 (base 9) in base 12?
-808649
332098 (base 11) to base 13
157224
-fb75 (base 16) to base 3
-10021022012
What is 12201220002 (base 3) in base 14?
2d216
What is 1100111101001000010 (base 2) in base 6?
13033202
What is 11100101100000101111 (base 2) in base 10?
940079
What is 472779 (base 11) in base 12?
30223a
98ab2 (base 16) to base 9
1152711
Convert -98bb9 (base 13) to base 5.
-32323021
What is -22159 (base 12) in base 16?
-b055
What is ab74b (base 13) in base 6?
10355531
What is 1011210020 (base 3) in base 14?
8632
What is 52b75c (base 15) in base 7?
45314610
Convert 1407630 (base 10) to base 13.
3a3923
What is -68500 (base 11) in base 5?
-11132344
1512139 (base 12) to base 15
590900
Convert -2374217 (base 9) to base 13.
-361969
Convert 1630101 (base 9) to base 10.
905500
Convert d30598 (base 14) to base 11.
4015446
Convert 2121120002220 (base 3) to base 2.
101010011000100010111
What is 21685582 (base 9) in base 15?
dc8875
-7a7611 (base 11) to base 5
-312040242
-231110303 (base 4) to base 15
-3a01b
50553 (base 10) to base 7
300246
-55557245 (base 8) to base 15
-10bae9e
What is -153143 (base 13) in base 2?
-1111111001011010001
What is -219f90 (base 16) in base 6?
-115121320
Convert -301118 (base 9) to base 12.
-86bb2
Convert -4666187 (base 9) to base 6.
-130032554
12bbc0 (base 13) to base 9
762527
What is 17438612 (base 9) in base 4?
201123331100
Convert -49eff (base 16) to base 13.
-a7acc
-175747 (base 11) to base 10
-271091
What is 11111010110101000 (base 2) in base 8?
372650
What is 9b1a9 (base 12) in base 5?
23042110
Convert 20202202101 (base 3) to base 6.
2504444
119547 (base 10) to base 3
20001222200
-156a (base 16) to base 5
-133412
What is 10001001101101011 (base 2) in base 5?
4224012
2944789 (base 12) to base 7
130366215
Convert 8556 (base 14) to base 2.
101100111100000
Convert 2b7078 (base 14) to base 7.
15620211
Convert -444878 (base 10) to base 13.
-127655
What is -112915 (base 10) in base 5?
-12103130
Convert 210244242 (base 5) to base 15.
1225d2
What is 84847 (base 15) in base 2?
1100110101000001111
Convert -10101101101101110 (base 2) to base 4.
-111231232
866f (base 16) to base 4
20121233
Convert 108926 (base 10) to base 12.
53052
100001000001101111000 (base 2) to base 9
2028480
What is 214374 (base 16) in base 8?
10241564
What is -100011011001100001 (base 2) in base 10?
-144993
What is -159270a (base 11) in base 12?
-aa9608
What is -1aa0238 (base 15) in base 11?
-10002a78
What is 318027 (base 9) in base 4?
232101331
What is 112202200001012 (base 3) in base 2?
11101111011110001001100
What is -13e6a3c (base 15) in base 13?
-2ca2559
What is 879124 (base 13) in base 14?
5d08a7
What is b86d8 (base 16) in base 14?
159424
Convert -22899a (base 12) to base 3.
-1001011110101
What is 4b299 (base 16) in base 3?
120122022102
-110121212121022 (base 3) to base 10
-6709427
-617322 (base 10) to base 2
-10010110101101101010
What is -32735373 (base 8) in base 16?
-6bbafb
Convert -3d1004 (base 14) to base 16.
-20482c
-80850 (base 14) to base 16
-4b6e6
Convert 413bb3 (base 15) to base 8.
13650335
-42069 (base 14) to base 16
-26e0d
What is -394247a (base 13) in base 15?
-1895ed9
What is 9b026 (base 15) in base 3?
221000222100
102212001031 (base 4) to base 2
10010100110000001001101
What is 12000335 (base 7) in base 10?
1059014
-101100010000111011 (base 2) to base 7
-1353410
What is 12011010120 (base 3) in base 4?
120300303
Convert 2122322001 (base 4) to base 15.
c7eec
Convert 5655566 (base 8) to base 14.
2bbbca
What is 20653153 (base 7) in base 4?
12231330121
What is 10805630 (base 9) in base 3?
100220012201000
Convert -506360 (base 7) to base 8.
-250412
What is -9f76 (base 16) in base 13?
-15772
Convert 1110001010100011001 (base 2) to base 4.
1301110121
What is -1111110010010000 (base 2) in base 12?
-31500
Convert 263411 (base 7) to base 13.
19559
What is -2211223113 (base 4) in base 13?
-1a9b62
Convert -54a8a (base 13) to base 11.
-a5282
102313413 (base 5) to base 4
1221203212
What is -111011111000 (base 3) in base 7?
-2126346
Convert -2226507 (base 9) to base 14.
-232cac
Convert -1101101100010010 (base 2) to base 6.
-1111350
What is 51441 (base 6) in base 7?
26005
-3037608 (base 9) to base 15
-21ed38
5901b (base 13) to base 7
1245026
3ba35 (base 13) to base 15
230de
-86713 (base 9) to base 15
-12046
11111001010100001100 (base 2) to base 12
412b78
Convert 152446 (base 14) to base 8.
2635756
Convert -121324032 (base 5) to base 4.
-2030003022
What is 161550 (base 11) in base 3?
110202011011
Convert -5f0722 (base 16) to base 15.
-8303d1
What is -2677 (base 10) in base 6?
-20221
What is -646500 (base 7) in base 3?
-12201122220
26024043 (base 8) to base 10
5777443
-226207 (base 8) to base 5
-4430220
b6d2dd (base 15) to base 9
17332071
What is -2b482 (base 16) in base 13?
-62901
What is aaba82 (base 12) in base 3?
12002222221222
Convert 6107 (base 16) to base 2.
110000100000111
-101223110121 (base 4) to base 15
-618006
6b59b (base 12) to base 6
3031515
-7ba62 (base 16) to base 2
-1111011101001100010
What is -213524035 (base 6) in base 7?
-44324246
4b6898 (base 14) to base 5
1130421123
-650b (base 14) to base 16
-442f
Convert 4a983 (base 14) to base 6.
3531051
-144251623 (base 7) to base 15
-c92447
Convert -5484068 (base 10) to base 13.
-11a0215
Convert 2036351 (base 8) to base 3.
1000102120121
What is -5367a0a (base 11) in base 6?
-534152353
110002220101000 (base 3) to base 12
21a3760
1470b4 (base 12) to base 8
1237710
What is 5420007 (base 9) in base 3?
12110200000021
Convert -336683 (base 10) to base 2.
-1010010001100101011
Convert -e3675 (base 16) to base 14.
-1a363b
Convert 1efd4 (base 16) to base 3.
20110010012
Convert -243736 (base 8) to base 10.
-83934
Convert 131313410 (base 5) to base 14.
12d3d7
What is -1026cf (base 16) in base 5?
-232333021
What is 215502220 (base 6) in base 10?
3911844
What is -294808 (base 11) in base 6?
-13510231
What is 9710da (base 14) in base 5?
2302043024
10233363 (base 7) to base 5
210144311
What is -2012222111 (base 4) in base 9?
-1030548
What is 1001110010100 (base 2) in base 10?
5012
Convert 222123132 (base 4) to base 12.
846a6
11123303133 (base 4) to base 3
2200101012020
What is -10101100011110100011 (base 2) in base 5?
-140101332
Convert 13300012 (base 4) to base 9.
47487
10325011 (base 7) to base 13
24a9cc
1742858 (base 13) to base 8
34622103
13399a (base 11) to base 13
74877
What is 144521134 (base 6) in base 2?
1011100011001100010010
What is -42c4a4 (base 16) in base 4?
-100230102210
What is -1365884 (base 12) in base 4?
-32300002210
What is -44134555 (base 7) in base 8?
-16353143
Convert -32331 (base 14) to base 3.
-20011111002
Convert 10010011101101100000111 (base 2) to base 9.
10086448
26606 (base 11) to base 13
143b1
What is 32052151 (base 7) in base 16?
297bef
What is 11167 (base 13) in base 11?
21333
264401 (base 7) to base 6
1021325
ba446f (base 16) to base 9
24865132
Convert -3401423110 (base 5) to base 8.
-34332007
What i